{"id":259,"date":"2024-12-25T20:27:44","date_gmt":"2024-12-25T20:27:44","guid":{"rendered":"https:\/\/brylezbroda.pl\/?page_id=259"},"modified":"2025-09-11T19:28:49","modified_gmt":"2025-09-11T19:28:49","slug":"kontakt","status":"publish","type":"page","link":"https:\/\/brylezbroda.pl\/?page_id=259","title":{"rendered":"kontakt"},"content":{"rendered":"\t\t<div data-elementor-type=\"wp-page\" data-elementor-id=\"259\" class=\"elementor elementor-259\" data-elementor-post-type=\"page\">\n\t\t\t\t<div class=\"elementor-element elementor-element-0d69117 e-flex e-con-boxed e-con e-parent\" data-id=\"0d69117\" data-element_type=\"container\" data-e-type=\"container\">\n\t\t\t\t\t<div class=\"e-con-inner\">\n\t\t<div class=\"elementor-element elementor-element-13a62e4 e-con-full e-flex e-con e-child\" data-id=\"13a62e4\" data-element_type=\"container\" data-e-type=\"container\">\n\t\t<div class=\"elementor-element elementor-element-53c90cf e-con-full e-flex e-con e-child\" data-id=\"53c90cf\" data-element_type=\"container\" data-e-type=\"container\">\n\t\t\t\t<div class=\"elementor-element elementor-element-7144566 elementor-widget elementor-widget-heading\" data-id=\"7144566\" data-element_type=\"widget\" data-e-type=\"widget\" data-widget_type=\"heading.default\">\n\t\t\t\t<div class=\"elementor-widget-container\">\n\t\t\t\t\t<h2 class=\"elementor-heading-title elementor-size-default\">KONTAKT<\/h2>\t\t\t\t<\/div>\n\t\t\t\t<\/div>\n\t\t\t\t<div class=\"elementor-element elementor-element-c5f201c elementor-widget elementor-widget-text-editor\" data-id=\"c5f201c\" data-element_type=\"widget\" data-e-type=\"widget\" data-widget_type=\"text-editor.default\">\n\t\t\t\t<div class=\"elementor-widget-container\">\n\t\t\t\t\t\t\t\t\t<p><span style=\"font-weight: 400;\">Je\u017celi chcesz si\u0119 czego\u015b dowiedzie\u0107 lub dosta\u0107 bezp\u0142atn\u0105 konsultacj\u0119 na temat swojej fryzury to zadzwo\u0144 <\/span><span style=\"font-weight: 400;\"><br \/><\/span><span style=\"font-weight: 400;\"><br \/><\/span><span style=\"font-weight: 400;\">Je\u017celi chcesz um\u00f3wi\u0107 si\u0119 na wizyt\u0119 to polecamy aplikacje booksy gdzie sam wybierzesz sw\u00f3j termin oraz us\u0142ug\u0119<\/span><span style=\"font-weight: 400;\"><br \/><\/span><span style=\"font-weight: 400;\"><br \/><\/span><span style=\"font-weight: 400;\">+48 511 441 926<\/span><span style=\"font-weight: 400;\"><br \/><\/span><span style=\"font-weight: 400;\"><br \/><\/span><span style=\"font-weight: 400;\">brylezbroda@gmail.com<\/span><\/p>\t\t\t\t\t\t\t\t<\/div>\n\t\t\t\t<\/div>\n\t\t\t\t<div class=\"elementor-element elementor-element-ec07a2b elementor-align-center elementor-widget elementor-widget-button\" data-id=\"ec07a2b\" data-element_type=\"widget\" data-e-type=\"widget\" data-widget_type=\"button.default\">\n\t\t\t\t<div class=\"elementor-widget-container\">\n\t\t\t\t\t\t\t\t\t<div class=\"elementor-button-wrapper\">\n\t\t\t\t\t<a class=\"elementor-button elementor-button-link elementor-size-sm\" href=\"https:\/\/booksy.com\/pl-pl\/190602_barber-shop-bryle-z-broda-ramiszow-wroclaw_barber-shop_13750_wroclaw#ba_s=sr_1\">\n\t\t\t\t\t\t<span class=\"elementor-button-content-wrapper\">\n\t\t\t\t\t\t\t\t\t<span class=\"elementor-button-text\">ZAREZERWUJ<\/span>\n\t\t\t\t\t<\/span>\n\t\t\t\t\t<\/a>\n\t\t\t\t<\/div>\n\t\t\t\t\t\t\t\t<\/div>\n\t\t\t\t<\/div>\n\t\t\t\t<\/div>\n\t\t\t\t<div class=\"elementor-element elementor-element-ada9090 elementor-widget elementor-widget-google_maps\" data-id=\"ada9090\" data-element_type=\"widget\" data-e-type=\"widget\" data-widget_type=\"google_maps.default\">\n\t\t\t\t<div class=\"elementor-widget-container\">\n\t\t\t\t\t\t\t<div class=\"elementor-custom-embed\">\n\t\t\t<iframe loading=\"lazy\"\n\t\t\t\t\tsrc=\"https:\/\/maps.google.com\/maps?q=Ramisz%C3%B3w%20189C%2C%2051-217%20Wroc%C5%82aw&#038;t=m&#038;z=16&#038;output=embed&#038;iwloc=near\"\n\t\t\t\t\ttitle=\"Ramisz\u00f3w 189C, 51-217 Wroc\u0142aw\"\n\t\t\t\t\taria-label=\"Ramisz\u00f3w 189C, 51-217 Wroc\u0142aw\"\n\t\t\t><\/iframe>\n\t\t<\/div>\n\t\t\t\t\t\t<\/div>\n\t\t\t\t<\/div>\n\t\t\t\t<\/div>\n\t\t\t\t\t<\/div>\n\t\t\t\t<\/div>\n\t\t\t\t<\/div>\n\t\t","protected":false},"excerpt":{"rendered":"<p>KONTAKT Je\u017celi chcesz si\u0119 czego\u015b dowiedzie\u0107 lub dosta\u0107 bezp\u0142atn\u0105 konsultacj\u0119 na temat swojej fryzury to zadzwo\u0144 Je\u017celi chcesz um\u00f3wi\u0107 si\u0119 na wizyt\u0119 to polecamy aplikacje booksy gdzie sam wybierzesz sw\u00f3j termin oraz us\u0142ug\u0119 +48 511 441 926 brylezbroda@gmail.com ZAREZERWUJ<\/p>\n","protected":false},"author":1,"featured_media":0,"parent":0,"menu_order":0,"comment_status":"closed","ping_status":"closed","template":"","meta":{"footnotes":""},"class_list":["post-259","page","type-page","status-publish","hentry"],"_links":{"self":[{"href":"https:\/\/brylezbroda.pl\/index.php?rest_route=\/wp\/v2\/pages\/259","targetHints":{"allow":["GET"]}}],"collection":[{"href":"https:\/\/brylezbroda.pl\/index.php?rest_route=\/wp\/v2\/pages"}],"about":[{"href":"https:\/\/brylezbroda.pl\/index.php?rest_route=\/wp\/v2\/types\/page"}],"author":[{"embeddable":true,"href":"https:\/\/brylezbroda.pl\/index.php?rest_route=\/wp\/v2\/users\/1"}],"replies":[{"embeddable":true,"href":"https:\/\/brylezbroda.pl\/index.php?rest_route=%2Fwp%2Fv2%2Fcomments&post=259"}],"version-history":[{"count":31,"href":"https:\/\/brylezbroda.pl\/index.php?rest_route=\/wp\/v2\/pages\/259\/revisions"}],"predecessor-version":[{"id":661,"href":"https:\/\/brylezbroda.pl\/index.php?rest_route=\/wp\/v2\/pages\/259\/revisions\/661"}],"wp:attachment":[{"href":"https:\/\/brylezbroda.pl\/index.php?rest_route=%2Fwp%2Fv2%2Fmedia&parent=259"}],"curies":[{"name":"wp","href":"https:\/\/api.w.org\/{rel}","templated":true}]}}